{"id":462,"date":"2016-02-21T20:52:52","date_gmt":"2016-02-21T19:52:52","guid":{"rendered":"http:\/\/designtoweb.de\/kids\/?page_id=462"},"modified":"2023-11-07T14:03:21","modified_gmt":"2023-11-07T13:03:21","slug":"onigiri-omusubi","status":"publish","type":"page","link":"https:\/\/designtoweb.de\/kids\/en\/onigiri-omusubi\/","title":{"rendered":"Onigiri \/ Omusubi"},"content":{"rendered":"<div style=\"position: absolute; height: auto; width: 200px; left: 67%; top: 6%;\"><div class=\"printfriendly pf-button  pf-alignright\">\n                    <a href=\"https:\/\/designtoweb.de\/kids\/en\/onigiri-omusubi\/?pfstyle=wp\" rel=\"nofollow\" onclick=\"\" title=\"Printer Friendly, PDF & Email\">\n                    <img decoding=\"async\" class=\"pf-button-img\" src=\"https:\/\/cdn.printfriendly.com\/buttons\/printfriendly-pdf-button.png\" alt=\"Print Friendly, PDF & Email\" style=\"width: 112px;height: 24px;\"  \/>\n                    <\/a>\n                <\/div><\/div>\n<h3>Rice Cooking<a href=\"https:\/\/designtoweb.de\/kids\/wp-content\/uploads\/2016\/02\/rice-bread3.jpg\" rel=\"attachment wp-att-473\"><img loading=\"lazy\" decoding=\"async\" class=\"size-full wp-image-473 alignright\" style=\"border-radius: 15px; border: 2px solid #DF0000;\" src=\"https:\/\/designtoweb.de\/kids\/wp-content\/uploads\/2016\/02\/rice-bread3.jpg\" alt=\"rice-bread3\" width=\"275\" height=\"183\" \/><\/a><\/h3>\n<p align=\"justify\">The rice for the rice balls is cooked like a normal rice but unlike rice for sushi it is not acidified after the cooking. However take care to use round grain rice and avoid cooking bags. Long-grain rice and rice in cooking bags is extra loose after the cooking and thus it is not usable for onigiri. For onigiri, you need a rice, which is tacky by nature.<\/p>\n<p class=\"sumweiss\">\u00a0<b>We recomend round grain rice:<\/b><br \/>\n1kg round grain rice for Onigiri<\/p>\n<ul>\n<li>First wash the rice. Add a little water to the rice and move the pot back and forth. Then pour off the water. The remaining water must be carefully sqeezed out, repeat until the water remains clean.<\/li>\n<\/ul>\n<p class=\"sumweiss\">At first the water will be a little white from the bran. Wash the rice until the water remains clear.<\/p>\n<ul>\n<li>Add now the same amount of cups, as you used the for rice, of water in a pot and add a small extra sip (10%).<\/li>\n<li>Seal the pot with the lid and boil the rice for 8 minutes at high heat (level 3 or 12, depending on the type of stove), always leave the pot covered.<\/li>\n<li>Then turn down the heat to level 1 and simmer another 7 minutes, however without opening the lid.<\/li>\n<li>Turn off the stove and leave the rice in the pot for another 5 minutes.<\/li>\n<li>Finally dunk the bottom of the closed pot in cold water, so that the rice can detach from the inside of the pot.<\/li>\n<\/ul>\n<hr \/>\n<h3>Salt \/ Saltwater<a href=\"https:\/\/designtoweb.de\/kids\/wp-content\/uploads\/2016\/02\/rice-bread2.jpg\" rel=\"attachment wp-att-472\"><img loading=\"lazy\" decoding=\"async\" class=\"size-full wp-image-472 alignright\" style=\"border-radius: 15px; border: 2px solid #DF0000;\" src=\"https:\/\/designtoweb.de\/kids\/wp-content\/uploads\/2016\/02\/rice-bread2.jpg\" alt=\"rice-bread2\" width=\"299\" height=\"168\" \/><\/a><\/h3>\n<p align=\"justify\">Rice for onigiri is not acidified with sushi vinegar like sushi rice, but is processed unseasoned or salted. If you have enough practise, you know how much salt you must spread on the palms, before you roll the onigiri. But as salt is a rather disagreeable condiments (to &#8222;desalinate&#8220; is not possible) we recomend to fill a small bowl with water and then add ca.10% salt. Stir briefly and you can use the water to moisten your hands, before you start to roll the onigiri.<\/p>\n<hr \/>\n<div class=\"seitenumbruch\"><\/div>\n<h3>Store Onigiri<a href=\"https:\/\/designtoweb.de\/kids\/wp-content\/uploads\/2016\/02\/rice-bread.jpg\" rel=\"attachment wp-att-471\"><img loading=\"lazy\" decoding=\"async\" class=\"size-medium wp-image-471 alignright\" style=\"border-radius: 15px; border: 2px solid #DF0000;\" src=\"https:\/\/designtoweb.de\/kids\/wp-content\/uploads\/2016\/02\/rice-bread-300x254.jpg\" alt=\"rice-bread\" width=\"300\" height=\"254\" srcset=\"https:\/\/designtoweb.de\/kids\/wp-content\/uploads\/2016\/02\/rice-bread-300x254.jpg 300w, https:\/\/designtoweb.de\/kids\/wp-content\/uploads\/2016\/02\/rice-bread.jpg 349w\" sizes=\"auto, (max-width: 300px) 100vw, 300px\" \/><\/a><\/h3>\n<p align=\"justify\">Onigiri should be eaten within one day after preparation. Try to avoid storing onigiri in a refrigerator for too long, as this will turn the rice hard and bad-tasting. Wrap to the onigiri therefore firmly with cling film, before you put them in the fridge. It will delay the curing.<\/p>\n<p align=\"justify\">Should you make onigiri with Nori (seaweed flakes), wrap the seaweed around the onigiri shortly before eating, as the Nori, as soon as it comes in contact with the moisture of the rice, begins to get rubbery.<br \/>\nBest you take the onigiri with you in a Bento box, where you have multiple partitions, to separate the different components.<\/p>\n<hr \/>\n<p align=\"justify\">There are three basic types of Onigiri or Omusubi. The most common is the triangular Onigiri, but there are also round and cylindrical onigiri.<\/p>\n<p align=\"justify\">Of course it`s up to you which type of Onigiri you prefer. But choosing different shapes and decorations leads to the most beautiful and funniest compilations. These are no limits to your imagination. In Japan, one often finds onigiri that have faces to look like animals, that are elaborately decorated or are colorful figures of the fables.<\/p>\n<hr \/>\n<h3>Sankaku Onigiri (triangular)<\/h3>\n<h3>The triangular onigiri are the most popular form of onigiri.<br \/>\nFirst: moisten your hands!<br \/>\nShould the onigiri easily fall apart your hands or the rice were too moist.<br \/>\nForm with your right hand the lower edge and with your left hand the tip. Then press the onigiri into your left hand, while you squeeze the top with your right hand. Finally, you smooth the sides of the rice ball.<\/h3>\n<p align=\"justify\">\n<h3><\/h3>\n<h3>Onigiri salty<\/h3>\n<p>For filling you can use fish roe-mayonnaise (Tarama) and salmonroe<br \/>\nor maybe vegane variante with shiitake-mushrooms, herbes and sesam.<\/p>\n<h3>Preparation<\/h3>\n<p align=\"justify\">In der Mitte muss eine Mulde f\u00fcr die F\u00fcllung gedr\u00fcckt werden, im Anschluss mit Reis bedecken und formen.<br \/>\nDip in to Sojasouce and enjoy.<\/p>\n<h3>Ingredients<\/h3>\n<ul>\n<li>Round grain rice<\/li>\n<li>fill up to your taste<\/li>\n<li>Soy sauce<\/li>\n<li>Nori sea weed<\/li>\n<li>Salt<\/li>\n<\/ul>\n<hr \/>\n<h3>Onigiri sweet<\/h3>\n<p>For filling you can use peanutbutter, <span class=\"tag_trans\">chocolate cream<\/span>, banane,<\/p>\n<p>weake dryfruits, thick honey etc.<\/p>\n<h3>Preparation<\/h3>\n<p align=\"justify\">In der Mitte muss eine Mulde f\u00fcr die F\u00fcllung gedr\u00fcckt werden, im Anschluss mit Reis bedecken und formen.<\/p>\n<h3>Ingredients<\/h3>\n<ul>\n<li>Round grain rice<\/li>\n<li>Sugar (to sweet up the rice)<\/li>\n<li>fill up to your taste<\/li>\n<\/ul>\n","protected":false},"excerpt":{"rendered":"<p>Rice Cooking The rice for the rice balls is cooked like a normal rice but unlike rice for sushi it is not acidified after the cooking. However take care to use round grain rice and avoid cooking bags. Long-grain rice and rice in cooking bags is extra loose after the cooking and thus it is&hellip;&nbsp;<a href=\"https:\/\/designtoweb.de\/kids\/en\/onigiri-omusubi\/\" rel=\"bookmark\">Weiterlesen &raquo;<span class=\"screen-reader-text\">Onigiri \/ Omusubi<\/span><\/a><\/p>\n","protected":false},"author":1,"featured_media":0,"parent":0,"menu_order":0,"comment_status":"closed","ping_status":"closed","template":"","meta":{"neve_meta_sidebar":"","neve_meta_container":"","neve_meta_enable_content_width":"on","neve_meta_content_width":70,"neve_meta_title_alignment":"","neve_meta_author_avatar":"","neve_post_elements_order":"","neve_meta_disable_header":"","neve_meta_disable_footer":"","neve_meta_disable_title":"","footnotes":""},"class_list":["post-462","page","type-page","status-publish","hentry"],"_links":{"self":[{"href":"https:\/\/designtoweb.de\/kids\/wp-json\/wp\/v2\/pages\/462","targetHints":{"allow":["GET"]}}],"collection":[{"href":"https:\/\/designtoweb.de\/kids\/wp-json\/wp\/v2\/pages"}],"about":[{"href":"https:\/\/designtoweb.de\/kids\/wp-json\/wp\/v2\/types\/page"}],"author":[{"embeddable":true,"href":"https:\/\/designtoweb.de\/kids\/wp-json\/wp\/v2\/users\/1"}],"replies":[{"embeddable":true,"href":"https:\/\/designtoweb.de\/kids\/wp-json\/wp\/v2\/comments?post=462"}],"version-history":[{"count":12,"href":"https:\/\/designtoweb.de\/kids\/wp-json\/wp\/v2\/pages\/462\/revisions"}],"predecessor-version":[{"id":2141,"href":"https:\/\/designtoweb.de\/kids\/wp-json\/wp\/v2\/pages\/462\/revisions\/2141"}],"wp:attachment":[{"href":"https:\/\/designtoweb.de\/kids\/wp-json\/wp\/v2\/media?parent=462"}],"curies":[{"name":"wp","href":"https:\/\/api.w.org\/{rel}","templated":true}]}}