{"id":239,"date":"2015-10-04T14:31:16","date_gmt":"2015-10-04T12:31:16","guid":{"rendered":"http:\/\/designtoweb.de\/kids\/?page_id=239"},"modified":"2023-11-06T13:28:57","modified_gmt":"2023-11-06T12:28:57","slug":"kapuzinerkresse-salat-2","status":"publish","type":"page","link":"https:\/\/designtoweb.de\/kids\/de\/kapuzinerkresse-salat-2\/","title":{"rendered":"Kapuzinerkresse Salat"},"content":{"rendered":"<div style=\"position: absolute; height: auto; width: 200px; left: 67%; top: 16%;\"><div class=\"printfriendly pf-button  pf-alignright\">\n                    <a href=\"https:\/\/designtoweb.de\/kids\/de\/kapuzinerkresse-salat-2\/?pfstyle=wp\" rel=\"nofollow\" onclick=\"\" title=\"Printer Friendly, PDF & Email\">\n                    <img decoding=\"async\" class=\"pf-button-img\" src=\"https:\/\/cdn.printfriendly.com\/buttons\/printfriendly-pdf-button.png\" alt=\"Print Friendly, PDF & Email\" style=\"width: 112px;height: 24px;\"  \/>\n                    <\/a>\n                <\/div><\/div>\n<p><strong>Zutaten f\u00fcr 6 Personen:<\/strong><\/p>\n<p>6 EL Oliven\u00f6l<br \/>\n2 EL K\u00fcrbiskern\u00f6L<a href=\"https:\/\/designtoweb.de\/kids\/wp-content\/uploads\/2015\/10\/kapuzinerkresse1.jpg\"><img loading=\"lazy\" decoding=\"async\" class=\"alignright wp-image-241 size-medium\" style=\"border-radius: 15px; border: 2px solid #DF0000;\" src=\"https:\/\/designtoweb.de\/kids\/wp-content\/uploads\/2015\/10\/kapuzinerkresse1-300x200.jpg\" alt=\"kapuzinerkresse\" width=\"300\" height=\"200\" srcset=\"https:\/\/designtoweb.de\/kids\/wp-content\/uploads\/2015\/10\/kapuzinerkresse1-300x200.jpg 300w, https:\/\/designtoweb.de\/kids\/wp-content\/uploads\/2015\/10\/kapuzinerkresse1.jpg 722w\" sizes=\"auto, (max-width: 300px) 100vw, 300px\" \/><\/a><br \/>\n2 EL Schwarzk\u00fcmmel\u00f6l<span id=\"result_box\" class=\"short_text\" lang=\"en\"><\/span><br \/>\nZitronensaft<br \/>\nSalz und Pfeffer<br \/>\n20 Bl\u00e4tter Kapuzinerkresse<br \/>\neinige Bl\u00fcten der\u00a0Kapuzinerkresse<br \/>\n3-4\u00a0 <span id=\"result_box\" class=\"short_text\" lang=\"en\"><span class=\"hps\">Salatherzen<\/span><\/span><br \/>\n1 <span id=\"result_box\" class=\"short_text\" lang=\"en\"><span class=\"hps\">Bund Radieschen<\/span><\/span><span id=\"result_box\" class=\"short_text\" lang=\"en\"><\/span><br \/>\n500g Jogurt<\/p>\n<p>Schneide die Kresse, die Salatherzen und die Radieschen in Mundgro\u00dfe St\u00fccke. Gib das \u00d6l, den Jogurt und nach Geschmack den Zitronensaft in eine Sch\u00fcssel.<\/p>\n<p>Mit Salz und Pfeffer abschmecken<span class=\"gt-card-ttl-txt\"><a href=\"https:\/\/designtoweb.de\/kids\/wp-content\/uploads\/2015\/10\/kapuzinerkresse_salat.jpg\"><img loading=\"lazy\" decoding=\"async\" class=\"alignright wp-image-151 size-medium\" style=\"border-radius: 15px; border: 2px solid #DF0000;\" src=\"https:\/\/designtoweb.de\/kids\/wp-content\/uploads\/2015\/10\/kapuzinerkresse_salat-300x169.jpg\" alt=\"kapuzinerkresse_salat\" width=\"300\" height=\"169\" srcset=\"https:\/\/designtoweb.de\/kids\/wp-content\/uploads\/2015\/10\/kapuzinerkresse_salat-300x169.jpg 300w, https:\/\/designtoweb.de\/kids\/wp-content\/uploads\/2015\/10\/kapuzinerkresse_salat.jpg 500w\" sizes=\"auto, (max-width: 300px) 100vw, 300px\" \/><\/a><\/span><\/p>\n<p>Nach leichtem Verr\u00fchren mit den B\u00fcten garnieren und den wunderbaren Salat genie\u00dfen.<br \/>\n<img loading=\"lazy\" decoding=\"async\" class=\"alignnone wp-image-1330 size-full\" src=\"https:\/\/designtoweb.de\/kids\/wp-content\/uploads\/2022\/09\/rockhand.jpg\" alt=\"\" width=\"211\" height=\"50\" \/><\/p>\n","protected":false},"excerpt":{"rendered":"<p>Zutaten f\u00fcr 6 Personen: 6 EL Oliven\u00f6l 2 EL K\u00fcrbiskern\u00f6L 2 EL Schwarzk\u00fcmmel\u00f6l Zitronensaft Salz und Pfeffer 20 Bl\u00e4tter Kapuzinerkresse einige Bl\u00fcten der\u00a0Kapuzinerkresse 3-4\u00a0 Salatherzen 1 Bund Radieschen 500g Jogurt Schneide die Kresse, die Salatherzen und die Radieschen in Mundgro\u00dfe St\u00fccke. Gib das \u00d6l, den Jogurt und nach Geschmack den Zitronensaft in eine Sch\u00fcssel. Mit&hellip;&nbsp;<a href=\"https:\/\/designtoweb.de\/kids\/de\/kapuzinerkresse-salat-2\/\" rel=\"bookmark\">Weiterlesen &raquo;<span class=\"screen-reader-text\">Kapuzinerkresse Salat<\/span><\/a><\/p>\n","protected":false},"author":1,"featured_media":0,"parent":0,"menu_order":0,"comment_status":"closed","ping_status":"closed","template":"","meta":{"neve_meta_sidebar":"","neve_meta_container":"","neve_meta_enable_content_width":"on","neve_meta_content_width":70,"neve_meta_title_alignment":"","neve_meta_author_avatar":"","neve_post_elements_order":"","neve_meta_disable_header":"","neve_meta_disable_footer":"","neve_meta_disable_title":"","footnotes":""},"class_list":["post-239","page","type-page","status-publish","hentry"],"_links":{"self":[{"href":"https:\/\/designtoweb.de\/kids\/wp-json\/wp\/v2\/pages\/239","targetHints":{"allow":["GET"]}}],"collection":[{"href":"https:\/\/designtoweb.de\/kids\/wp-json\/wp\/v2\/pages"}],"about":[{"href":"https:\/\/designtoweb.de\/kids\/wp-json\/wp\/v2\/types\/page"}],"author":[{"embeddable":true,"href":"https:\/\/designtoweb.de\/kids\/wp-json\/wp\/v2\/users\/1"}],"replies":[{"embeddable":true,"href":"https:\/\/designtoweb.de\/kids\/wp-json\/wp\/v2\/comments?post=239"}],"version-history":[{"count":10,"href":"https:\/\/designtoweb.de\/kids\/wp-json\/wp\/v2\/pages\/239\/revisions"}],"predecessor-version":[{"id":2112,"href":"https:\/\/designtoweb.de\/kids\/wp-json\/wp\/v2\/pages\/239\/revisions\/2112"}],"wp:attachment":[{"href":"https:\/\/designtoweb.de\/kids\/wp-json\/wp\/v2\/media?parent=239"}],"curies":[{"name":"wp","href":"https:\/\/api.w.org\/{rel}","templated":true}]}}