{"id":1711,"date":"2023-01-31T09:29:56","date_gmt":"2023-01-31T08:29:56","guid":{"rendered":"https:\/\/designtoweb.de\/kids\/?page_id=1711"},"modified":"2023-11-06T13:26:56","modified_gmt":"2023-11-06T12:26:56","slug":"rohkostsalat-extra-lecker","status":"publish","type":"page","link":"https:\/\/designtoweb.de\/kids\/de\/rohkostsalat-extra-lecker\/","title":{"rendered":"Rohkostsalat extra lecker"},"content":{"rendered":"<div style=\"position: absolute; height: auto; width: 200px; left: 67%; top: 16%;\"><div class=\"printfriendly pf-button  pf-alignright\">\n                    <a href=\"https:\/\/designtoweb.de\/kids\/de\/rohkostsalat-extra-lecker\/?pfstyle=wp\" rel=\"nofollow\" onclick=\"\" title=\"Printer Friendly, PDF & Email\">\n                    <img decoding=\"async\" class=\"pf-button-img\" src=\"https:\/\/cdn.printfriendly.com\/buttons\/printfriendly-pdf-button.png\" alt=\"Print Friendly, PDF & Email\" style=\"width: 112px;height: 24px;\"  \/>\n                    <\/a>\n                <\/div><\/div>\n<p>Zutaten:<br \/>\n1 schwarzer, roter , oder wei\u00dfer Rettich<a href=\"https:\/\/designtoweb.de\/kids\/wp-content\/uploads\/2023\/01\/rotebeetesalat.png\"><img loading=\"lazy\" decoding=\"async\" class=\"size-medium wp-image-1713 alignright\" style=\"border-radius: 15px; border: 2px solid #DF0000;\" src=\"https:\/\/designtoweb.de\/kids\/wp-content\/uploads\/2023\/01\/rotebeetesalat-253x300.png\" alt=\"\" width=\"253\" height=\"300\" srcset=\"https:\/\/designtoweb.de\/kids\/wp-content\/uploads\/2023\/01\/rotebeetesalat-253x300.png 253w, https:\/\/designtoweb.de\/kids\/wp-content\/uploads\/2023\/01\/rotebeetesalat.png 506w\" sizes=\"auto, (max-width: 253px) 100vw, 253px\" \/><\/a><br \/>\n2 gro\u00dfe M\u00f6hren<br \/>\n1 rote Beete<br \/>\n1 El Fischso\u00dfe<br \/>\n1-2 El Apfelessig<br \/>\n1 Zitrone<br \/>\n1 El Zucker<br \/>\n1 El Sesam\u00f6l oder K\u00fcrbiskern\u00f6l<br \/>\n2-3 El Oliven\u00f6l<\/p>\n<p>Alle Zutaten mit einer Reibe in kleine Julien bzw, grobe Raspel verarbeiten.<br \/>\nZitrone, Zucker, Fischso\u00dfe, Essig, Sesam\u00f6l und Oliven\u00f6l in ein kleines Glas mit Deckel geben und kr\u00e4ftig sch\u00fctteln.<br \/>\ndann die Vinegrette zu dem Gem\u00fcse geben und unterr\u00fchren. Etwa 1\/2 Stunde ziehen lassen.<br \/>\nGuten Appetit!<br \/>\n<img loading=\"lazy\" decoding=\"async\" class=\"alignnone wp-image-1330 size-full\" src=\"https:\/\/designtoweb.de\/kids\/wp-content\/uploads\/2022\/09\/rockhand.jpg\" alt=\"\" width=\"211\" height=\"50\" \/><\/p>\n","protected":false},"excerpt":{"rendered":"<p>Zutaten: 1 schwarzer, roter , oder wei\u00dfer Rettich 2 gro\u00dfe M\u00f6hren 1 rote Beete 1 El Fischso\u00dfe 1-2 El Apfelessig 1 Zitrone 1 El Zucker 1 El Sesam\u00f6l oder K\u00fcrbiskern\u00f6l 2-3 El Oliven\u00f6l Alle Zutaten mit einer Reibe in kleine Julien bzw, grobe Raspel verarbeiten. Zitrone, Zucker, Fischso\u00dfe, Essig, Sesam\u00f6l und Oliven\u00f6l in ein kleines&hellip;&nbsp;<a href=\"https:\/\/designtoweb.de\/kids\/de\/rohkostsalat-extra-lecker\/\" rel=\"bookmark\">Weiterlesen &raquo;<span class=\"screen-reader-text\">Rohkostsalat extra lecker<\/span><\/a><\/p>\n","protected":false},"author":1,"featured_media":0,"parent":0,"menu_order":0,"comment_status":"closed","ping_status":"closed","template":"","meta":{"neve_meta_sidebar":"","neve_meta_container":"","neve_meta_enable_content_width":"on","neve_meta_content_width":70,"neve_meta_title_alignment":"","neve_meta_author_avatar":"","neve_post_elements_order":"","neve_meta_disable_header":"","neve_meta_disable_footer":"","neve_meta_disable_title":"","footnotes":""},"class_list":["post-1711","page","type-page","status-publish","hentry"],"_links":{"self":[{"href":"https:\/\/designtoweb.de\/kids\/wp-json\/wp\/v2\/pages\/1711","targetHints":{"allow":["GET"]}}],"collection":[{"href":"https:\/\/designtoweb.de\/kids\/wp-json\/wp\/v2\/pages"}],"about":[{"href":"https:\/\/designtoweb.de\/kids\/wp-json\/wp\/v2\/types\/page"}],"author":[{"embeddable":true,"href":"https:\/\/designtoweb.de\/kids\/wp-json\/wp\/v2\/users\/1"}],"replies":[{"embeddable":true,"href":"https:\/\/designtoweb.de\/kids\/wp-json\/wp\/v2\/comments?post=1711"}],"version-history":[{"count":11,"href":"https:\/\/designtoweb.de\/kids\/wp-json\/wp\/v2\/pages\/1711\/revisions"}],"predecessor-version":[{"id":2099,"href":"https:\/\/designtoweb.de\/kids\/wp-json\/wp\/v2\/pages\/1711\/revisions\/2099"}],"wp:attachment":[{"href":"https:\/\/designtoweb.de\/kids\/wp-json\/wp\/v2\/media?parent=1711"}],"curies":[{"name":"wp","href":"https:\/\/api.w.org\/{rel}","templated":true}]}}